9. Calculate the greatest common factor of x and 153.
17
Let i = 91 - 49. Calculate the highest common factor of 105 and i.
21
Let l(p) = p - 1. Suppose -y = -3 - 0. Let o be l(y). Let s be 0 + (7 - (0 + o)). Calculate the highest common factor of 1 and s.
1
Suppose -s + 2*s + 18 = 4*g, 3*s + 5*g - 31 = 0. Suppose s*t = -3*t + 30. What is the highest common factor of t and 2?
2
Let i = 2 + 0. What is the greatest common divisor of i and 14?
2
Suppose 5*k + 3 + 2 = 5*w, -5*w + 2*k = 7. Let j = 7 - w. Calculate the greatest common factor of 10 and j.
10
Let q = -30 - -22. Let n(m) = m**3 + 8*m**2 - 11*m - 16. Let v be n(q). What is the greatest common divisor of v and 48?
24
Suppose -6*s + 125 = -115. Let a = 12 + -4. What is the highest common factor of s and a?
8
Let c be 2/4*(4 + -6 + 20). What is the highest common divisor of 45 and c?
9
Let l be (-2)/(-2 + 0)*7. What is the highest common divisor of l and 63?
7
Let y = -36 - -54. Suppose l + 4*t - 42 = 0, 0 = -l - 2*t + t + 33. Suppose u - l = 5*j, -4*j + 2 = -10. Calculate the highest common factor of u and y.
9
Let g(t) = t + 3. Let h(v) = -v**3 + 2*v**2 - 2*v + 1. Let j be h(2). Let r be g(j). Suppose r - 12 = -b. What is the greatest common factor of b and 30?
6
Let q = 189 - 134. Suppose -q = -2*p - 3*p. Let t be p/3 + 6/(-9). Calculate the greatest common factor of 12 and t.
3
Let a(g) = g**2 + g - 16. Let p be a(0). Let w = -11 - p. Suppose 2*t - 7*t = -w. What is the greatest common divisor of t and 3?
1
Let n be ((-6)/4)/((-9)/(-12)). Let x be (-26)/(-6) - n/(-6). What is the highest common factor of 12 and x?
4
Suppose 3*t - r - 256 = 0, t + 4*r - 2*r = 90. Suppose 0*i = i - 2, 0 = -4*a - i + t. What is the greatest common factor of 14 and a?
7
Let d(u) = 3 + u**2 + 1 + 1 + 1 + 7*u. Let y be d(-4). Let s = 17 + y. What is the highest common factor of 121 and s?
11
Let x(m) be the third derivative of -m**6/120 + 2*m**5/15 + 11*m**4/24 - m**3 - 2*m**2. Let w be x(9). What is the greatest common divisor of w and 24?
12
Let z = -8 - -11. Let b(u) = 9*u + 1. Let m be b(z). What is the highest common factor of 4 and m?
4
Let g be ((-11)/(-2))/((-1)/(-2)). Suppose 0 = -z + 6*z + 4*b - 110, -2*b = 2*z - 44. Calculate the highest common factor of z and g.
11
Let k be 0 + (11/(-1))/(-1). Calculate the greatest common factor of 44 and k.
11
Let z(g) = -g**3 - 8*g**2 - 7*g + 7. Let o be z(-7). Let n = o + 8. Calculate the highest common divisor of 120 and n.
15
Let j be ((-14)/42)/(2/(-36)). Calculate the greatest common divisor of 66 and j.
6
Let d(z) = -4*z + 38. Let c be d(6). What is the highest common divisor of c and 2?
2
Let b = 12 + -12. Suppose -2*k + 65 + 23 = b. Suppose w + 4*r = -3*w + 12, 4*r = -3*w + 8. What is the greatest common divisor of k and w?
4
Let z = 22 - 14. Calculate the greatest common divisor of z and 48.
8
Suppose 2*r = -4*r + 42. Suppose -4 = -2*y + 52. What is the greatest common factor of r and y?
7
Suppose -5*b + b = -24. Calculate the highest common divisor of 9 and b.
3
Suppose h + 4*w - 29 = 0, 4*w - 7 = -4*h + 61. Calculate the highest common factor of h and 91.
13
Suppose 0 = -3*c - c. Let u = 4 + c. What is the highest common factor of u and 4?
4
Suppose -2*r + 1 + 23 = 0. Calculate the highest common factor of r and 6.
6
Suppose -4*i = 15 - 71. Suppose g = -2*g + 5*c + i, -31 = -2*g - c. What is the highest common divisor of 143 and g?
13
Let c(a) = -29*a - 7. Let u be c(-3). Suppose -2*m + 70 = -4*m. Let f = m + u. What is the highest common divisor of 18 and f?
9
Suppose -8*v + 13 = -27. Suppose -4*j - a = -38, 4*j - 5*a - 60 = -j. Calculate the highest common divisor of v and j.
5
Suppose 9*o - 3*o = 120. Calculate the greatest common divisor of o and 4.
4
Let p = 8 + -4. Suppose -5*q + 22 = -8. Calculate the highest common factor of q and p.
2
Let a(n) = -2*n - 22. Let j(c) = c + 11. Let b(k) = -4*a(k) - 7*j(k). Let s be b(-6). What is the highest common divisor of s and 5?
5
Suppose -12 = -17*a + 16*a. Calculate the highest common divisor of a and 132.
12
Let w(q) = -5*q + 286. Let s be w(0). What is the highest common factor of 26 and s?
26
Suppose 0*c - c = -4. What is the highest common factor of c and 52?
4
Suppose t + 4*t - 5*v = 180, -3*v + 137 = 4*t. What is the highest common divisor of t and 14?
7
Let k(d) = -14*d - 5. Let w(z) = 7*z + 3. Let o(p) = -2*k(p) - 5*w(p). Let i be o(-2). Calculate the greatest common divisor of i and 81.
9
Let u(y) = y**2 - y. Let w be u(0). Suppose w = 3*c - 2*s - 10 - 7, 5*s = -c + 34. Let p be ((-18)/3)/(-1 + 0). What is the greatest common divisor of c and p?
3
Let h(p) be the third derivative of p**4/24 + 2*p**3 + 10*p**2. Let j be h(0). Calculate the highest common divisor of 30 and j.
6
Let v be 2 + 0 + 2 + 1. Suppose a + 3*d = 24, 27 = 5*a - v*d - 13. Calculate the greatest common factor of a and 3.
3
Let b(f) = -f - 7. Let v be b(-8). Let q be (-3 - 1) + (3 - 2). Let x = v - q. Calculate the highest common factor of x and 8.
4
Let w = 14 - 10. Suppose j = -c - 3, 4*c + 0*j - 28 = w*j. Suppose 0 = 4*h - c*l - 50, -h + 4*l = -3*h + 20. Calculate the highest common divisor of h and 96.
12
Let b(o) = -o**3 - 10*o**2 - 9*o + 13. Let m be b(-9). Let a be (-99)/(-6)*130/15. What is the highest common divisor of m and a?
13
Let s(n) = -n**2 - 13*n - 35. Let o be s(-9). What is the highest common factor of 7 and o?
1
Suppose 3*a = -4*u + 401, -129 = -u + 4*a - 5. Calculate the highest common divisor of u and 13.
13
Let u(f) = -2*f - 3. Let p be u(-4). Suppose t + 2 + p = 0. Let o = 14 + t. What is the highest common divisor of o and 21?
7
Let w be ((-11)/4)/((-5)/40). Let h be 4/w - 2764/(-44). What is the greatest common factor of 7 and h?
7
Let f(c) = c**3 + 5*c**2 + 5*c + 3. Let m be f(-5). Let x = -9 - m. Suppose -x = -3*n + 203. Calculate the highest common factor of 9 and n.
9
Let h be 2/(-6) - (-284)/(-3). Let n = h - -172. What is the highest common factor of 11 and n?
11
Let l(p) = 2*p**2 - 2*p + 1. Let i be l(3). Let d = -5 - -7. Suppose -b + 5*b = 2*a - 290, -283 = -d*a - 3*b. Calculate the greatest common factor of i and a.
13
Let o(d) = -d**3 + d + 2. Suppose 0*i = 3*i. Let k be o(i). Let r = -32 - -34. Calculate the highest common factor of k and r.
2
Let t be 2/4 - 3/(-2). Suppose 0 = 3*s + s. Suppose s = -g - 2 + 6. What is the greatest common factor of t and g?
2
Suppose 2*z - 12 = 4*b, -z + 0*z - 2*b = 6. Let q = z - -11. What is the highest common factor of q and 22?
11
Suppose -2*b + 2*q = 2, 0 = -3*b - b + 3*q + 1. Suppose b*o + 5 = 29. Calculate the greatest common divisor of o and 12.
6
Let x be 2/(3/(60 - 6)). Suppose 0 = q - 3 - 1. What is the greatest common divisor of q and x?
4
Let h = -11 + 30. Suppose -233 = -4*i - 5*j, 3*j = -4*i + 2*j + 229. Let d = i - 19. What is the highest common factor of h and d?
19
Let t(q) = -2*q - 29. Let u be t(-15). Calculate the highest common divisor of 4 and u.
1
Suppose -3*d - 24 + 168 = 0. Calculate the greatest common divisor of 24 and d.
24
Let k = -79 - -80. Suppose 27 = 4*l + 5*p, -4*l + 1 + 8 = -p. What is the greatest common divisor of k and l?
1
Let x = 5 + 7. What is the highest common divisor of 60 and x?
12
Let l be 14/(5*6/480). What is the highest common divisor of 14 and l?
14
Let j be 3*2*2/3. Suppose 0 = -j*m + 3*m + y + 113, 0 = -5*m - y + 559. What is the greatest common factor of m and 16?
16
Suppose -3*p + 30 = -213. Calculate the greatest common divisor of 9 and p.
9
Let x(i) = 2*i**2 + 6*i + 2. Let m be x(-9). Suppose 3*t + 4*c = -c + 79, -2*c = 4*t - m. Calculate the greatest common divisor of 4 and t.
4
Let q(c) be the first derivative of c**4/4 - 2*c**3/3 + c**2 - 3. Let p be q(3). Let s be (0 - 10/4)*-2. Calculate the greatest common factor of p and s.
5
Suppose 0*l - 5*l - c = -615, 4*c = 5*l - 615. Calculate the highest common factor of l and 41.
41
Suppose 5*x + 18 = -p, 0 = 3*p - 3*x - 14 - 4. Suppose -3*s - y - y + 40 = 0, 4*y = 2*s. Calculate the greatest common divisor of s and p.
2
Let k = -5 + 15. Let w = k - 16. Let p be -1 - -24 - w/3. What is the greatest common factor of p and 10?
5
Suppose -3*w + 7 = -11. Let f(h) = 1 + h**3 + 2*h**3 - 5*h - h**3 - h**3. Let m be f(w). What is the highest common divisor 